-2022 - -12133?
10111
In base 16, what is 1e95 - 2d?
1e68
In base 10, what is 68 + 587?
655
In base 7, what is -203 + -3312?
-3515
In base 13, what is -5 + -689?
-691
In base 16, what is 0 - 3de?
-3de
In base 3, what is 101 + -211021122?
-211021021
In base 3, what is -22 + -122012212?
-122020011
In base 16, what is -1bdb - -2?
-1bd9
In base 8, what is 122 + -1767?
-1645
In base 6, what is 2004141 - -5?
2004150
In base 12, what is 9273a - -1?
9273b
In base 4, what is -220032 + 1033?
-212333
In base 15, what is -1 - 1ec?
-1ed
In base 14, what is -159d - 27?
-15c6
In base 3, what is -1201 - 212111?
-221012
In base 8, what is 177 + 1726?
2125
In base 5, what is 4 - 4034411?
-4034402
In base 5, what is 12110 - 34?
12021
In base 3, what is -1021 + 22121?
21100
In base 9, what is 152 - 4427?
-4265
In base 16, what is 5 + 1fcc?
1fd1
In base 3, what is -1002212222 - -2?
-1002212220
In base 5, what is 41 - 20143?
-20102
In base 8, what is -7612 + 166?
-7424
In base 2, what is 11 + 111100010010011?
111100010010110
In base 15, what is 6 + 4dd7?
4ddd
In base 8, what is -160722 - -5?
-160715
In base 3, what is -12 + -112210101?
-112210120
In base 8, what is -262421 + -5?
-262426
In base 7, what is -1316405 - 3?
-1316411
In base 11, what is -149 - 813?
-961
In base 9, what is -66667 + -57?
-66735
In base 3, what is 11 - 10222221?
-10222210
In base 12, what is -848a40 - 0?
-848a40
In base 15, what is -4 + 136764?
136760
In base 11, what is -59a6 - -4?
-59a2
In base 6, what is -20345 - 15?
-20404
In base 7, what is -6 + 111531?
111522
In base 13, what is -a525 + 48?
-a4aa
In base 13, what is 3a90a9 + 4?
3a90b0
In base 2, what is -10 - -1101101101010100?
1101101101010010
In base 13, what is -226 - -61c?
3c6
In base 14, what is 4db24 - -13?
4db37
In base 6, what is -1022 - 125534?
-131000
In base 8, what is -2103 - -171?
-1712
In base 10, what is -5352 + 4?
-5348
In base 2, what is -110001100110 - 1001000000?
-111010100110
In base 11, what is -5 - -69566?
69561
In base 14, what is 2dd6 + 17?
300d
In base 2, what is 1 + -10000100110010?
-10000100110001
In base 3, what is -1011220001 - -202?
-1011212022
In base 14, what is 28c9d + -5?
28c98
In base 10, what is 793 + -114?
679
In base 6, what is -2452155 - -1?
-2452154
In base 9, what is -337616 - 1?
-337617
In base 3, what is -12 - -22020122?
22020110
In base 3, what is -2001210 + 1120?
-2000020
In base 15, what is 2 - 32d31?
-32d2e
In base 14, what is 748 - -b0?
818
In base 10, what is -2 - 36960?
-36962
In base 3, what is 201 - 2010011?
-2002110
In base 10, what is -114 - -1652?
1538
In base 5, what is -1243 + -100210?
-102003
In base 8, what is -200225 + 2?
-200223
In base 6, what is 0 + 441521?
441521
In base 6, what is 22115 + -31?
22044
In base 13, what is -2 - -418819?
418817
In base 3, what is 1101200 + 20021?
1121221
In base 8, what is -1 - 146246?
-146247
In base 9, what is -1 - 311022?
-311023
In base 2, what is -110100001100111101 - 101?
-110100001101000010
In base 16, what is -3d + a9a?
a5d
In base 8, what is 0 + 1261070?
1261070
In base 10, what is -1499 + 8?
-1491
In base 4, what is -11 - 1311111030?
-1311111101
In base 6, what is -1 - -51451?
51450
In base 15, what is -be09 + 9?
-be00
In base 14, what is 77979 + -1?
77978
In base 12, what is 4 - -a793?
a797
In base 4, what is -11 - -132203133?
132203122
In base 2, what is -1 + -10110101010011?
-10110101010100
In base 4, what is 13200 + 121322?
201122
In base 15, what is -ec7 - 0?
-ec7
In base 16, what is -12e - -1c3?
95
In base 14, what is -67 - 35d?
-3c6
In base 15, what is -13 + 4d9?
4c6
In base 11, what is -21 - -1115?
10a4
In base 6, what is 42534 + 51?
43025
In base 6, what is -214515 + -104?
-215023
In base 16, what is 82 - -d6?
158
In base 6, what is -4 + 41345134?
41345130
In base 13, what is -3b3 + 3b?
-375
In base 9, what is 8 - 33?
-24
In base 4, what is -31 + 311333?
311302
In base 11, what is 3a9a + 11?
4000
In base 5, what is 0 - 3344?
-3344
In base 12, what is 6 - 2979?
-2973
In base 3, what is 110000200 - 1212?
102221211
In base 6, what is -10 - 253034?
-253044
In base 12, what is -14 + -142bb?
-14313
In base 4, what is 11 + 30131?
30202
In base 9, what is -1 - 12836?
-12837
In base 11, what is -2 - 1146?
-1148
In base 8, what is -474540 + 4?
-474534
In base 3, what is 100000210 + 110?
100001020
In base 13, what is -2 - -43a87?
43a85
In base 5, what is -33241130 - 12?
-33241142
In base 2, what is -1100 + 111000?
101100
In base 7, what is -4161 + -6112?
-13303
In base 5, what is -1004420 + 3?
-1004412
In base 16, what is 1016 - -b4?
10ca
In base 12, what is -181 - -b92?
a11
In base 6, what is 113053335 + 5?
113053344
In base 3, what is -211101 - 200?
-212001
In base 14, what is -c - -7490?
7482
In base 4, what is 101 + -1323322?
-1323221
In base 6, what is -1540552 - -34?
-1540514
In base 10, what is 5309 - 2?
5307
In base 2, what is -1001110111101 + 100111?
-1001110010110
In base 14, what is -17d30 - 20?
-17d50
In base 14, what is 556 + 14?
56a
In base 2, what is -10111110011 - 1010111?
-11001001010
In base 15, what is 1a407 - -2?
1a409
In base 7, what is -2432303 - 4?
-2432310
In base 4, what is 3203312 + 3120?
3213032
In base 15, what is -4 - -649c3?
649be
In base 3, what is 10100010 + -11?
10022222
In base 15, what is 49c + 3?
4a0
In base 10, what is -22168 - -5?
-22163
In base 16, what is 3a57d - 0?
3a57d
In base 13, what is 1c + 55?
74
In base 12, what is -124 + -272?
-396
In base 7, what is 2 + 43123?
43125
In base 13, what is -568 - 23?
-58b
In base 9, what is 11001 + 17?
11018
In base 12, what is 0 + 177a0?
177a0
In base 11, what is -442a69 + 0?
-442a69
In base 4, what is -3311033130 - -3?
-3311033121
In base 14, what is 339 + 39b?
6d6
In base 14, what is 2048b + -4?
20487
In base 5, what is 11 - 3023420?
-3023404
In base 5, what is -343314 - 113?
-343432
In base 9, what is -201087 + 5?
-201082
In base 3, what is 211102 - 1122?
202210
In base 16, what is 14724 + 2?
14726
In base 2, what is 1011011001110111011 + 11?
1011011001110111110
In base 14, what is -3ac8a - -1?
-3ac89
In base 15, what is -512 + 9a1?
48e
In base 4, what is 202030222 + -3?
202030213
In base 14, what is -9505 + 4?
-9501
In base 11, what is -1897 + 192?
-1705
In base 14, what is 60 + -c8c?
-c2c
In base 5, what is -201202 + -10?
-201212
In base 7, what is -3 + 2506130?
2506124
In base 4, what is -120300 - 20?
-120320
In base 11, what is -9945 + -16?
-9960
In base 6, what is 12332 + 2055?
14431
In base 10, what is 11 + 4326?
4337
In base 7, what is -4 + 550015?
550011
In base 15, what is 8 - -24bd?
24c6
In base 8, what is -66 - -2?
-64
In base 9, what is 205 - -1308?
1514
In base 8, what is 3 + 1046015?
1046020
In base 13, what is -cc23b7 - 0?
-cc23b7
In base 12, what is 2a54 + 619?
3471
In base 6, what is 2141 - -152?
2333
In base 3, what is 1 + 111122120?
111122121
In base 7, what is -216101 + 0?
-216101
In base 5, what is -10223014 + -4?
-10223023
In base 14, what is 463 + 32?
495
In base 2, what is 1110001010111 + -10?
1110001010101
In base 13, what is 26b01 + 1?
26b02
In base 14, what is 6 + -25d4?
-25cc
In base 6, what is 1453 + -53?
1400
In base 7, what is -3 + -303541?
-303544
In base 6, what is 42 - 411220?
-411134
In base 2, what is 101100000 - -100011011111?
101000111111
In base 6, what is 10 - 10?
0
In base 2, what is 1010100 - -100000000000?
100001010100
In base 11, what is -4 - 248a5?
-248a9
In base 8, what is -70167 - 6?
-70175
In base 6, what is -3341 + 222?
-3115
In base 9, what is 24 - -3336?
3361
In base 10, what is -1 + -12270?
-12271
In base 16, what is -3 + -1c37?
-1c3a
In base 14, what is 96678 - 5?
96673
In base 16, what is -d + 13a?
12d
In base 3, what is -2110002211 + 10?
-2110002201
In base 4, what is 3220021123 - 2?
3220021121
In base 12, what is -313031 + -2?
-313033
In base 6, what is 1140 + 2405?
3545
In base 7, what is 212 - -41046?
41261
In base 6, what is -4 + -30152?
-30200
In base 14, what is 868 + 22?
88a
In base 2, what is -11000 - -110111100011110?
110111100000110
In base 11, what is -745 - 171?
-906
In base 7, what is 5 + -4340142?
-4340134
In base 6, what is 35 - 451525?
-451450
In base 7, what is 6 - 1336034?
-1336025
In base 6, what is -1013010532 + 5?
-1013010523
In base 15, what is 350 - -178?
4c8
In base 14,